he highest common divisor of 15 and 180438?
3
Calculate the greatest common factor of 17504244 and 114.
114
Calculate the highest common factor of 48 and 291492.
12
What is the greatest common factor of 11720957 and 333248?
5207
Calculate the greatest common factor of 11 and 574898797.
11
Calculate the greatest common factor of 99938496 and 7049.
371
Calculate the greatest common factor of 17464100 and 200.
100
Calculate the highest common factor of 340922491 and 437.
437
Calculate the highest common factor of 43835 and 19227625.
3985
What is the greatest common factor of 259925 and 11850?
25
Calculate the highest common divisor of 548 and 2038.
2
What is the highest common divisor of 103498424 and 641?
641
Calculate the highest common factor of 1079 and 621283.
13
What is the greatest common factor of 6 and 1525952838?
6
Calculate the highest common divisor of 3048 and 2910459.
381
Calculate the highest common divisor of 1909 and 245431.
83
Calculate the highest common divisor of 493 and 865878.
17
Calculate the highest common factor of 244170 and 192690.
90
Calculate the greatest common factor of 59590 and 188210.
590
Calculate the highest common divisor of 3152 and 846.
2
Calculate the highest common factor of 3261584 and 161.
23
Calculate the greatest common divisor of 1540412 and 4628.
356
Calculate the greatest common factor of 79788 and 6288864.
1308
Calculate the greatest common divisor of 108 and 114430833.
27
What is the highest common factor of 25880 and 8083?
1
Calculate the highest common divisor of 6435 and 83070585.
585
What is the highest common divisor of 82519 and 15215?
179
Calculate the highest common divisor of 49026 and 183937381.
8171
What is the greatest common divisor of 64 and 11301824?
64
Calculate the highest common divisor of 466890 and 258725.
395
Calculate the greatest common factor of 335 and 1731347.
67
Calculate the greatest common divisor of 2486875 and 5750.
2875
What is the greatest common factor of 22149456 and 28896?
336
Calculate the highest common factor of 141994957 and 26.
13
What is the highest common factor of 479 and 170338148?
479
Calculate the greatest common factor of 2020850 and 180.
10
Calculate the greatest common factor of 2800 and 12335120.
560
What is the greatest common divisor of 209 and 1481525?
19
Calculate the highest common divisor of 135888 and 30695184.
912
Calculate the highest common factor of 346974650 and 275.
275
What is the highest common factor of 4001100 and 225?
75
What is the highest common factor of 2769 and 1057173?
39
Calculate the greatest common divisor of 70 and 40707100.
70
What is the greatest common factor of 3068220 and 3180?
60
Calculate the highest common divisor of 671046 and 211848.
582
What is the highest common factor of 10 and 1550341510?
10
What is the greatest common factor of 35765 and 322?
23
Calculate the greatest common divisor of 311212 and 14554948.
2572
Calculate the highest common factor of 2776 and 86760.
8
Calculate the greatest common factor of 246680504 and 14.
14
Calculate the highest common factor of 258132 and 490.
98
Calculate the highest common divisor of 90304 and 423232.
1088
Calculate the highest common divisor of 1368 and 10553208.
456
What is the greatest common divisor of 22123840 and 1472?
64
What is the greatest common divisor of 6525 and 13380426?
261
Calculate the highest common divisor of 740 and 3579985.
5
Calculate the greatest common factor of 470 and 19436.
2
What is the greatest common factor of 23091 and 181041137?
7697
What is the greatest common factor of 80 and 20632790?
10
Calculate the highest common divisor of 1431 and 795879.
27
Calculate the greatest common factor of 1131257 and 437179.
4507
Calculate the greatest common divisor of 658910669 and 3987.
443
Calculate the greatest common factor of 99 and 267408.
9
What is the highest common factor of 78168921 and 1374?
687
What is the highest common divisor of 41010 and 933195?
15
Calculate the highest common divisor of 798 and 28122717.
399
Calculate the greatest common divisor of 30705 and 518069.
89
Calculate the greatest common divisor of 6615312 and 34816.
272
What is the highest common divisor of 39506103 and 26?
13
Calculate the highest common factor of 2506 and 3661028.
14
What is the highest common factor of 408 and 7416760?
136
Calculate the highest common divisor of 180 and 7430920.
20
What is the highest common factor of 37822515 and 15?
15
What is the highest common factor of 106782 and 310763?
1369
Calculate the highest common factor of 418496 and 328459.
503
Calculate the greatest common divisor of 49809 and 16125.
3
Calculate the highest common factor of 185165 and 3045.
145
What is the highest common divisor of 95232 and 329096?
248
What is the greatest common factor of 10084368 and 3696?
336
Calculate the greatest common factor of 17503 and 3142169.
761
What is the greatest common divisor of 1353234 and 102?
102
Calculate the greatest common factor of 6906 and 52377406.
2302
Calculate the greatest common divisor of 31087055 and 15.
5
Calculate the highest common divisor of 912 and 3832674.
6
What is the highest common factor of 1772068792 and 104?
104
Calculate the highest common divisor of 34301970 and 414.
414
What is the highest common factor of 20367358 and 2?
2
What is the highest common divisor of 104382 and 152604?
54
Calculate the highest common divisor of 53805200 and 7600.
400
What is the greatest common divisor of 16427376 and 4480?
112
What is the highest common divisor of 1485 and 5557035?
165
Calculate the highest common factor of 88313519 and 131.
131
What is the highest common factor of 5625126 and 17847?
27
What is the greatest common factor of 29103 and 15848853?
267
What is the highest common factor of 74866395 and 62?
31
Calculate the greatest common factor of 16032142 and 854.
854
Calculate the greatest common factor of 3094 and 4229617.
119
What is the greatest common factor of 89239762 and 2976?
62
Calculate the greatest common factor of 226 and 198400541.
113
What is the greatest common divisor of 160 and 4064810?
10
What is the highest common divisor of 24 and 15467192?
8
Calculate the greatest common divisor of 354585 and 30065.
35
What is the greatest common divisor of 67 and 1204255387?
67
What is the highest common divisor of 360 and 2256690?
30
Calculate the greatest common factor of 764400681 and 792.
99
What is the highest common divisor of 97 and 1270139243?
97
Calculate the greatest common divisor of 5920 and 47124200.
40
Calculate the greatest common factor of 159 and 220461927.
159
What is the greatest common factor of 430727 and 231?
11
Calculate the highest common divisor of 532 and 2472014.
38
What is the greatest common factor of 38872075 and 550?
275
What is the highest common factor of 5891 and 3653653?
137
Calculate the greatest common divisor of 44971672 and 392.
8
What is the highest common divisor of 2549 and 23820405?
2549
Calculate the greatest common divisor of 2702178 and 15433.
1403
Calculate the highest common factor of 1 and 234601487.
1
Calculate the highest common divisor of 12224983 and 23.
23
What is the highest common divisor of 6844310 and 1447?
1447
Calculate the highest common factor of 201 and 74713107.
201
Calculate the highest common factor of 20882 and 111896.
394
Calculate the greatest common divisor of 22025088 and 1728.
1728
Calculate the highest common divisor of 88725 and 1275.
75
What is the highest common factor of 2 and 441622?
2
What is the highest common factor of 28 and 121005556?
28
Calculate the highest common divisor of 91440 and 3182400.
720
What is the greatest common divisor of 1441107 and 85?
17
Calculate the highest common factor of 73 and 3891484.
73
What is the greatest common factor of 15768 and 1937493?
1971
Calculate the greatest common divisor of 638061864 and 86.
86
What is the highest common divisor of 3075 and 221371710?
615
What is the greatest common factor of 959588 and 989?
43
Calculate the highest common factor of 4377 and 6492.
3
What is the highest common factor of 450 and 94329?
9
Calculate the greatest common divisor of 124059456 and 1728.
576
What is the greatest common factor of 2724216 and 12805272?
14568
Calculate the greatest common fact